{"id":68,"date":"2019-12-12T13:35:55","date_gmt":"2019-12-12T12:35:55","guid":{"rendered":"http:\/\/hdj.annasbnb.ch\/?page_id=68"},"modified":"2026-03-30T09:19:25","modified_gmt":"2026-03-30T07:19:25","slug":"preise","status":"publish","type":"page","link":"https:\/\/hausderjugend.ch\/fr\/preise\/","title":{"rendered":"Prix"},"content":{"rendered":"<h2>Prix<\/h2>\n<p>(sous r\u00e9serve de changement)<\/p>\n<h4>Camps d&#8217;une ou deux semaines<br \/><\/h4>\n<p><em>(en g\u00e9n\u00e9ral check-in d\u00e8s 16.00 heures\/ check-out 11.00 heures)<\/em><\/p>\n<table>\n<tbody>\n<tr>\n<th align=\"left\" width=\"50\">\u00a0<\/th>\n<th align=\"left\" width=\"138\">\n<p>haute-saison:<\/p>\n<p>juillet-octobre<\/p>\n<p>(min. 60 pers.)<\/th>\n<th align=\"left\" width=\"138\">\n<p>basse-saison:<\/p>\n<p>novembre-juin<\/p>\n<p>(min. 40 pers.)<\/th>\n<th align=\"left\" width=\"138\">\u00a0<\/th>\n<th align=\"left\" width=\"*\">\u00a0<\/th>\n<\/tr>\n<tr>\n<th>2026<\/th>\n<td>CHF 14.00 *<\/td>\n<td>CHF 12.50 *<\/td>\n<td>\u00a0<\/td>\n<td>\u00a0<\/td>\n<\/tr>\n<tr>\n<th>2027<\/th>\n<td>CHF 14.00 *<\/td>\n<td>CHF 12.50 *<\/td>\n<td>\u00a0<\/td>\n<td>\u00a0<\/td>\n<\/tr>\n<\/tbody>\n<\/table>\n<table>\n<tbody>\n<tr>\n<th align=\"left\" width=\"200\"><strong>Frais suppl\u00e9mentaires:<\/strong><\/th>\n<th align=\"left\" width=\"*\">\u00a0<\/th>\n<\/tr>\n<tr>\n<td>taxes s\u00e9jour adultes d\u00e8s 16 ans<\/td>\n<td>CHF 3.00 *<\/td>\n<\/tr>\n<tr>\n<td>\u00a0<\/td>\n<td>\u00a0<\/td>\n<\/tr>\n<tr>\n<td>chauffage mazout<\/td>\n<td>selon prix du jour<\/td>\n<\/tr>\n<tr>\n<td>\u00e9lectricit\u00e9<\/td>\n<td>CHF -.40 par kWh<\/td>\n<\/tr>\n<tr>\n<td>eau et eaux us\u00e9es<\/td>\n<td>CHF -.30 *<\/td>\n<\/tr>\n<tr>\n<td>\u00a0* Prix par personne et nuit\u00e9e\u00a0<\/td>\n<td>\u00a0<\/td>\n<\/tr>\n<\/tbody>\n<\/table>\n<h4>Formule Week-ends<\/h4>\n<p>\u00a0<\/p>\n<h2><b>Prix forfaitaitaire 1 nuit\u00e9e CHF 1100.-<\/b>\/ 2 nuit\u00e9es CHF 1400.-\u00a0 (Ind\u00e9pendent du nombre de participants)<\/h2>\n<p>Excl. taxes de s\u00e9jour par personne (d\u00e8s 16 ans) CHF 3.00\/nuit\u00e9e.<\/p>\n<p><em>\u00a0<\/em><\/p>\n<table>\n<tbody>\n<tr>\n<th align=\"left\" width=\"50\">\u00a0<\/th>\n<th align=\"left\" width=\"110\">\u00a0<\/th>\n<th align=\"left\" width=\"110\">\u00a0<\/th>\n<th align=\"left\" width=\"110\">\u00a0<\/th>\n<\/tr>\n<tr>\n<th>\u00a0<\/th>\n<td>\u00a0<\/td>\n<td>\u00a0<\/td>\n<td>\u00a0<\/td>\n<\/tr>\n<tr>\n<th>\u00a0<\/th>\n<td>\u00a0<\/td>\n<td>\u00a0<\/td>\n<td>\u00a0<\/td>\n<\/tr>\n<\/tbody>\n<\/table>\n","protected":false},"excerpt":{"rendered":"<p>Prix (sous r\u00e9serve de changement) Camps d&#8217;une ou deux semaines (en g\u00e9n\u00e9ral check-in d\u00e8s 16.00 heures\/ check-out 11.00 heures) \u00a0 haute-saison: juillet-octobre (min. 60 pers.) basse-saison: novembre-juin (min. 40 pers.) \u00a0 \u00a0 2026 CHF 14.00 * CHF 12.50 * \u00a0 \u00a0 2027 CHF 14.00 * CHF 12.50 * \u00a0 \u00a0 Frais suppl\u00e9mentaires: \u00a0 taxes s\u00e9jour [&hellip;]<\/p>\n","protected":false},"author":3,"featured_media":0,"parent":0,"menu_order":0,"comment_status":"closed","ping_status":"closed","template":"elementor_header_footer","meta":{"footnotes":""},"class_list":["post-68","page","type-page","status-publish","hentry","post"],"translation":{"provider":"WPGlobus","version":"3.0.0","language":"fr","enabled_languages":["de","fr"],"languages":{"de":{"title":true,"content":true,"excerpt":false},"fr":{"title":true,"content":true,"excerpt":false}}},"_links":{"self":[{"href":"https:\/\/hausderjugend.ch\/fr\/wp-json\/wp\/v2\/pages\/68","targetHints":{"allow":["GET"]}}],"collection":[{"href":"https:\/\/hausderjugend.ch\/fr\/wp-json\/wp\/v2\/pages"}],"about":[{"href":"https:\/\/hausderjugend.ch\/fr\/wp-json\/wp\/v2\/types\/page"}],"author":[{"embeddable":true,"href":"https:\/\/hausderjugend.ch\/fr\/wp-json\/wp\/v2\/users\/3"}],"replies":[{"embeddable":true,"href":"https:\/\/hausderjugend.ch\/fr\/wp-json\/wp\/v2\/comments?post=68"}],"version-history":[{"count":164,"href":"https:\/\/hausderjugend.ch\/fr\/wp-json\/wp\/v2\/pages\/68\/revisions"}],"predecessor-version":[{"id":976,"href":"https:\/\/hausderjugend.ch\/fr\/wp-json\/wp\/v2\/pages\/68\/revisions\/976"}],"wp:attachment":[{"href":"https:\/\/hausderjugend.ch\/fr\/wp-json\/wp\/v2\/media?parent=68"}],"curies":[{"name":"wp","href":"https:\/\/api.w.org\/{rel}","templated":true}]}}

<h2>Prix</h2>
<p>(sous réserve de changement)</p>
<h4>Camps d&#8217;une ou deux semaines<br /></h4>
<p><em>(en général check-in dès 16.00 heures/ check-out 11.00 heures)</em></p>
<table>
<tbody>
<tr>
<th align="left" width="50"> </th>
<th align="left" width="138">
<p>haute-saison:</p>
<p>juillet-octobre</p>
<p>(min. 60 pers.)</th>
<th align="left" width="138">
<p>basse-saison:</p>
<p>novembre-juin</p>
<p>(min. 40 pers.)</th>
<th align="left" width="138"> </th>
<th align="left" width="*"> </th>
</tr>
<tr>
<th>2026</th>
<td>CHF 14.00 *</td>
<td>CHF 12.50 *</td>
<td> </td>
<td> </td>
</tr>
<tr>
<th>2027</th>
<td>CHF 14.00 *</td>
<td>CHF 12.50 *</td>
<td> </td>
<td> </td>
</tr>
</tbody>
</table>
<table>
<tbody>
<tr>
<th align="left" width="200"><strong>Frais supplémentaires:</strong></th>
<th align="left" width="*"> </th>
</tr>
<tr>
<td>taxes séjour adultes dès 16 ans</td>
<td>CHF 3.00 *</td>
</tr>
<tr>
<td> </td>
<td> </td>
</tr>
<tr>
<td>chauffage mazout</td>
<td>selon prix du jour</td>
</tr>
<tr>
<td>électricité</td>
<td>CHF -.40 par kWh</td>
</tr>
<tr>
<td>eau et eaux usées</td>
<td>CHF -.30 *</td>
</tr>
<tr>
<td> * Prix par personne et nuitée </td>
<td> </td>
</tr>
</tbody>
</table>
<h4>Formule Week-ends</h4>
<p> </p>
<h2><b>Prix forfaitaitaire 1 nuitée CHF 1100.-</b>/ 2 nuitées CHF 1400.-  (Indépendent du nombre de participants)</h2>
<p>Excl. taxes de séjour par personne (dès 16 ans) CHF 3.00/nuitée.</p>
<p><em> </em></p>
<table>
<tbody>
<tr>
<th align="left" width="50"> </th>
<th align="left" width="110"> </th>
<th align="left" width="110"> </th>
<th align="left" width="110"> </th>
</tr>
<tr>
<th> </th>
<td> </td>
<td> </td>
<td> </td>
</tr>
<tr>
<th> </th>
<td> </td>
<td> </td>
<td> </td>
</tr>
</tbody>
</table>

<p>Prix (sous réserve de changement) Camps d&#8217;une ou deux semaines (en général check-in dès 16.00 heures/ check-out 11.00 heures)   haute-saison: juillet-octobre (min. 60 pers.) basse-saison: novembre-juin (min. 40 pers.)     2026 CHF 14.00 * CHF 12.50 *     2027 CHF 14.00 * CHF 12.50 *     Frais supplémentaires:   taxes séjour [&hellip;]</p>
